{"id":2066,"date":"2021-08-19T12:58:28","date_gmt":"2021-08-19T10:58:28","guid":{"rendered":"http:\/\/yvongoossens.com\/?page_id=2066"},"modified":"2022-10-20T11:23:33","modified_gmt":"2022-10-20T09:23:33","slug":"le-projet-alternative-proposition-a-la-galerie-lin","status":"publish","type":"page","link":"https:\/\/yvongoossens.com\/index.php\/le-projet-alternative-proposition-a-la-galerie-lin\/","title":{"rendered":"LE PROJET ALTERNATIVE PROPOSITION (GALERIE LIN)"},"content":{"rendered":"\t\t<div data-elementor-type=\"wp-page\" data-elementor-id=\"2066\" class=\"elementor elementor-2066\" data-elementor-settings=\"[]\">\n\t\t\t\t\t\t\t<div class=\"elementor-section-wrap\">\n\t\t\t\t\t\t\t<section class=\"elementor-section elementor-top-section elementor-element elementor-element-42d3c5d elementor-section-full_width elementor-section-height-default elementor-section-height-default\" data-id=\"42d3c5d\" data-element_type=\"section\">\n\t\t\t\t\t\t<div class=\"elementor-container elementor-column-gap-default\">\n\t\t\t\t\t<div class=\"elementor-column elementor-col-100 elementor-top-column elementor-element elementor-element-ef3819f\" data-id=\"ef3819f\" data-element_type=\"column\">\n\t\t\t<div class=\"elementor-widget-wrap elementor-element-populated\">\n\t\t\t\t\t\t\t\t<div class=\"elementor-element elementor-element-5dc0050 elementor-widget elementor-widget-spacer\" data-id=\"5dc0050\" data-element_type=\"widget\" data-widget_type=\"spacer.default\">\n\t\t\t\t<div class=\"elementor-widget-container\">\n\t\t\t\t\t<div class=\"elementor-spacer\">\n\t\t\t<div class=\"elementor-spacer-inner\"><\/div>\n\t\t<\/div>\n\t\t\t\t<\/div>\n\t\t\t\t<\/div>\n\t\t\t\t<section class=\"elementor-section elementor-inner-section elementor-element elementor-element-c74b761 elementor-section-boxed elementor-section-height-default elementor-section-height-default\" data-id=\"c74b761\" data-element_type=\"section\">\n\t\t\t\t\t\t<div class=\"elementor-container elementor-column-gap-default\">\n\t\t\t\t\t<div class=\"elementor-column elementor-col-50 elementor-inner-column elementor-element elementor-element-c81a30e\" data-id=\"c81a30e\" data-element_type=\"column\">\n\t\t\t<div class=\"elementor-widget-wrap elementor-element-populated\">\n\t\t\t\t\t\t\t\t<div class=\"elementor-element elementor-element-ea1fbf9 elementor-widget elementor-widget-image\" data-id=\"ea1fbf9\" data-element_type=\"widget\" data-widget_type=\"image.default\">\n\t\t\t\t<div class=\"elementor-widget-container\">\n\t\t\t\t\t\t\t\t\t\t\t\t\t\t\t<img loading=\"lazy\" width=\"300\" height=\"77\" src=\"https:\/\/yvongoossens.com\/wp-content\/uploads\/2021\/08\/7V8K0860yyy-copieyyyyyyggg-300x77.jpg\" class=\"attachment-medium size-medium\" alt=\"\" decoding=\"async\" srcset=\"https:\/\/yvongoossens.com\/wp-content\/uploads\/2021\/08\/7V8K0860yyy-copieyyyyyyggg-300x77.jpg 300w, https:\/\/yvongoossens.com\/wp-content\/uploads\/2021\/08\/7V8K0860yyy-copieyyyyyyggg-1024x264.jpg 1024w, https:\/\/yvongoossens.com\/wp-content\/uploads\/2021\/08\/7V8K0860yyy-copieyyyyyyggg-768x198.jpg 768w, https:\/\/yvongoossens.com\/wp-content\/uploads\/2021\/08\/7V8K0860yyy-copieyyyyyyggg-1536x395.jpg 1536w, https:\/\/yvongoossens.com\/wp-content\/uploads\/2021\/08\/7V8K0860yyy-copieyyyyyyggg-2048x527.jpg 2048w\" sizes=\"(max-width: 300px) 100vw, 300px\" \/>\t\t\t\t\t\t\t\t\t\t\t\t\t\t\t<\/div>\n\t\t\t\t<\/div>\n\t\t\t\t<div class=\"elementor-element elementor-element-60e3273 elementor-widget elementor-widget-spacer\" data-id=\"60e3273\" data-element_type=\"widget\" data-widget_type=\"spacer.default\">\n\t\t\t\t<div class=\"elementor-widget-container\">\n\t\t\t\t\t<div class=\"elementor-spacer\">\n\t\t\t<div class=\"elementor-spacer-inner\"><\/div>\n\t\t<\/div>\n\t\t\t\t<\/div>\n\t\t\t\t<\/div>\n\t\t\t\t<div class=\"elementor-element elementor-element-5509680 elementor-widget elementor-widget-text-editor\" data-id=\"5509680\" data-element_type=\"widget\" data-widget_type=\"text-editor.default\">\n\t\t\t\t<div class=\"elementor-widget-container\">\n\t\t\t\t\t\t\t\t<p>Le projet \u00ab\u00a0Alternative Proposition\u00a0\u00bb a \u00e9t\u00e9 initi\u00e9 par Yvon Goossens en septembre 2019 dans la Galerie Lin au c\u0153ur de Bruxelles.<\/p><p>Le projet consistait en une suite d\u2019\u00e9v\u00e8nements artistiques\u00a0: expositions, performances, soir\u00e9es d\u2019artistes, r\u00e9sidences, workshop et m\u00e9diations artistiques avec des publics divers ainsi que de nombreuses collaborations. Le lieu a \u00e9t\u00e9 investi par une \u00e9quipe de b\u00e9n\u00e9voles pour le destin\u00e9 \u00e0 l\u2019art et \u00e0 l\u2019origine \u00e9tait le Chaos : un travail long et acharn\u00e9 a \u00e9t\u00e9 fait pour faire de ce lieu, un lieu digne de recevoir les artistes de la sc\u00e8ne contemporaine. Pour des raisons qui concerne le propri\u00e9taire (l\u2019artiste\u00a0Yao Kai Lin) le projet n\u2019a pas pu \u00eatre p\u00e9rennis\u00e9, c\u2019est peut-\u00eatre n\u00e9cessaire que les choses nous soient \u00e9ph\u00e9m\u00e8re dans l\u2019art et dans bien d\u2019autres domaines.<\/p><p>Convaincu de la beaut\u00e9 souveraine de ce que nous avons pu r\u00e9aliser, de nombreux espoirs sont n\u00e9 dans ce projet, des r\u00eaves se sont prolong\u00e9s, de nombreuses choses se sont accomplies. Il est difficile de mener des projets artistiques qui le soient vraiment, sans tomber dans bien des travers.<\/p><p>Dans une vision prom\u00e9th\u00e9enne, nous voulions voir le projet incarner la force de la cr\u00e9ation par des id\u00e9es novatrices, des propositions, des rencontres, mais plus encore une urgente inspiration \u00e0 la d\u00e9fense de l\u2019art dans nos soci\u00e9t\u00e9s contemporaines, avec un recul critique quant \u00e0 son instrumentalisation, sa politisation et son utilitarisation. Nous avons cru accomplir ici une question qui nous paraissait fondamentale : \u00ab cr\u00e9er les conditions de possibilit\u00e9 que la cr\u00e9ation soit \u00bb au niveau individuel comme au niveau collectif. En cela le projet se constitua \u00e0 l\u2019image de <em>l\u2019\u00e9gide<\/em> antique, comme \u00e0 la fois arme d\u00e9fensive et offensive dans les <em>Titanomachies<\/em>, Id\u00e9al triomphant d\u2019inutilit\u00e9 commerciale par un noyau de cr\u00e9ateur Bruxellois, et actif dans le monde de l\u2019art \u2013 pour sa d\u00e9mocratisation, sa diffusion culturelle et sa bonne r\u00e9ception par le public.<\/p><p>Il s\u2019agissait finalement de d\u00e9fendre un certain cadre paradigmatique ou l\u2019art n\u2019est pas une valeur ajout\u00e9e au monde mais qu\u2019il est pour la plupart des artistes et des cr\u00e9ateurs le premier prisme, qui permette de concevoir le monde, de le repr\u00e9senter, de l\u2019interroger et de lui offrir l\u2019opportunit\u00e9 d\u2019un devenir.<\/p><p>Aujourd\u2019hui nous ne pouvons que remercier d\u2019un c\u0153ur plus que profond tous les acteurs du projet qui nous ont soutenu sur plus de deux ann\u00e9es difficiles. D\u2019abord, Nasrine Kelthent et Guillaume Hoedt qui sont tous deux les pionniers et qui ont plus que soutenu les difficult\u00e9s de notre activit\u00e9 depuis l\u2019origine. Les amis, Vincent Poth, Pierre Orban, Corentin Cordier, Ivan Chorine, Asia Mireille Nyembo, Laureen Machu, Alain Van Rossum, Woo Kim pour leurs conseils, leurs aides et leurs soutiens. Les artistes : Shira Horesh, Vincent Amiri, Hannah Meerseman, Aurel Quiros Miramontes, Corentin Cordier, Pablo Alvez artinprocess, Laurent Dumortier, Eva Nothomb, Marie Braun, Nasrine Kelthent, Guillaume Hoedt qui ont par leurs travaux remarquables contribu\u00e9 \u00e0 nous inspirer et \u00e0 nous faire penser, \u00e0 nous faire r\u00eaver. Les professeurs de L\u2019Arba Esa : Philippe Hunt, Georges Mayer, Laurent David, Guy Gilsoul, Am\u00e9lie de Beaufort. Le public fid\u00e8le au rdv : Christophe Jaccard de la Maison B\u00e9jart, Daniel Dujeux, Valentin Capony, Marina Yerles et tant d\u2019autres encore que nous remercions.<\/p>\t\t\t\t\t\t<\/div>\n\t\t\t\t<\/div>\n\t\t\t\t\t<\/div>\n\t\t<\/div>\n\t\t\t\t<div class=\"elementor-column elementor-col-50 elementor-inner-column elementor-element elementor-element-75dea4f\" data-id=\"75dea4f\" data-element_type=\"column\">\n\t\t\t<div class=\"elementor-widget-wrap\">\n\t\t\t\t\t\t\t\t\t<\/div>\n\t\t<\/div>\n\t\t\t\t\t\t\t<\/div>\n\t\t<\/section>\n\t\t\t\t<div class=\"elementor-element elementor-element-827c0a6 elementor-widget elementor-widget-spacer\" data-id=\"827c0a6\" data-element_type=\"widget\" data-widget_type=\"spacer.default\">\n\t\t\t\t<div class=\"elementor-widget-container\">\n\t\t\t\t\t<div class=\"elementor-spacer\">\n\t\t\t<div class=\"elementor-spacer-inner\"><\/div>\n\t\t<\/div>\n\t\t\t\t<\/div>\n\t\t\t\t<\/div>\n\t\t\t\t\t<\/div>\n\t\t<\/div>\n\t\t\t\t\t\t\t<\/div>\n\t\t<\/section>\n\t\t\t\t\t\t<\/div>\n\t\t\t\t\t<\/div>\n\t\t","protected":false},"excerpt":{"rendered":"<p>Le projet \u00ab\u00a0Alternative Proposition\u00a0\u00bb a \u00e9t\u00e9 initi\u00e9 par Yvon Goossens en septembre 2019 dans la Galerie Lin au c\u0153ur de Bruxelles. Le projet consistait en une suite d\u2019\u00e9v\u00e8nements artistiques\u00a0: expositions, performances, soir\u00e9es d\u2019artistes, r\u00e9sidences, workshop et m\u00e9diations artistiques avec des publics divers ainsi que de nombreuses collaborations. Le lieu a \u00e9t\u00e9 investi par une \u00e9quipe &#8230; <a title=\"LE PROJET ALTERNATIVE PROPOSITION (GALERIE LIN)\" class=\"read-more\" href=\"https:\/\/yvongoossens.com\/index.php\/le-projet-alternative-proposition-a-la-galerie-lin\/\" aria-label=\"En savoir plus sur LE PROJET ALTERNATIVE PROPOSITION (GALERIE LIN)\">Lire la suite<\/a><\/p>\n","protected":false},"author":1,"featured_media":0,"parent":0,"menu_order":0,"comment_status":"closed","ping_status":"closed","template":"elementor_header_footer","meta":{"footnotes":""},"_links":{"self":[{"href":"https:\/\/yvongoossens.com\/index.php\/wp-json\/wp\/v2\/pages\/2066"}],"collection":[{"href":"https:\/\/yvongoossens.com\/index.php\/wp-json\/wp\/v2\/pages"}],"about":[{"href":"https:\/\/yvongoossens.com\/index.php\/wp-json\/wp\/v2\/types\/page"}],"author":[{"embeddable":true,"href":"https:\/\/yvongoossens.com\/index.php\/wp-json\/wp\/v2\/users\/1"}],"replies":[{"embeddable":true,"href":"https:\/\/yvongoossens.com\/index.php\/wp-json\/wp\/v2\/comments?post=2066"}],"version-history":[{"count":38,"href":"https:\/\/yvongoossens.com\/index.php\/wp-json\/wp\/v2\/pages\/2066\/revisions"}],"predecessor-version":[{"id":3150,"href":"https:\/\/yvongoossens.com\/index.php\/wp-json\/wp\/v2\/pages\/2066\/revisions\/3150"}],"wp:attachment":[{"href":"https:\/\/yvongoossens.com\/index.php\/wp-json\/wp\/v2\/media?parent=2066"}],"curies":[{"name":"wp","href":"https:\/\/api.w.org\/{rel}","templated":true}]}}